 771 - (-1 + -3).
11
Evaluate -46 + -1 + (21 - 2 - (-573 - -581)).
-36
What is (14 - 5) + (-57 - (-18 - (-13 - -4)))?
-39
-21 - (-10 + 24 + -60 + -19)
44
Evaluate 51 + -5 + -86 - -37.
-3
Calculate 56 - (14 - (-12 + -11 + -2 + (87 - 35))).
69
12 + (-58 - (-27 + (-7 - (2 + -23))))
-33
4 + ((-4 - 20) + 19 - (2 - 10))
7
Calculate -34 + 26 + -4 + 28.
16
What is the value of -51 + (43 - (-41 - -37))?
-4
-129 - -145 - ((2 - 1) + 9)
6
-3 + -13 - (53 - 76) - (-1 + 20)
-12
Evaluate -31 + (9 + -12 - -19 - 17).
-32
Calculate 1 - (20 + (-3 - (15 + -14)) + -89).
74
What is the value of -40 - (-93 - -46 - -14)?
-7
Evaluate 0 + (0 - -5 - (11 + -6)) - 64.
-64
Evaluate (-297 - -319) + (-11 - -1) - 10.
2
What is (-160 - (37 - (-2 - -74))) + 29?
-96
What is 49 + (-52 - -26) + -34?
-11
What is -8 + -5 - -2 - (15 - 120)?
94
What is 54 + -61 + -35 - -114?
72
What is 42 - 81 - -29 - (-149 + -2 + 2 + 2)?
137
Evaluate (-204 - 45) + 258 + -1 + 91.
99
Calculate -20 + 27 + -27 - ((-2 - -8) + -53).
27
Evaluate 184 + -213 + (-11 - 3).
-43
What is 47 + 130 + -145 - (-30 + -2)?
64
Calculate -34 + -13 - -18 - (3 - 4).
-28
Calculate 33 + (2 - -2 - 10) + (-21 + 9 - -11).
26
(11 - (2 + 10)) + -6 + -1 - 33
-41
What is the value of (-18 - (2 - 4)) + -125 + 151?
10
What is 1 + 4 + 4 + 0 + -11 + 16 + -29?
-15
Calculate (58 - 78) + -50 - ((5 - -3) + 5).
-83
Evaluate -4 + 96 - (36 + (-21 + 18 - 16) - 19).
94
Calculate 87 + (6 - (4 - -14) - ((-10 - -8) + -5)).
82
-55 + -9 + 38 - 29 - (1 + 11)
-67
-64 - (69 - (159 - 30))
-4
What is (19556 - 19565) + 1 + 110?
102
What is the value of -2 - (-143 + 225 + -2)?
-82
Calculate 62 - (7 - 18 - (-8 - 4)).
61
Calculate -2 + (-59 - -17 - -27).
-17
What is (-17 - -1) + (38 - -39 - 64)?
-3
-6024 + 6138 + -60 + 3
57
Evaluate -24 + (16 - -43) + -32.
3
What is -33 + (-19 - -26) - ((17 - 3) + (2 - 13))?
-29
What is 51 + -98 + 47 + 26?
26
What is the value of (5 - 26 - (5 + -26)) + -15?
-15
Calculate (-165 + 181 - 19) + 48.
45
Evaluate -4 + (-56 - -25 - -69).
34
-144 + (84 - 27) + 34 - (-1 + 7)
-59
3 + -7 + 0 + 13 + 0 - (26 - 1)
-16
What is the value of 3993 + -3980 - (-2 - -52)?
-37
What is 92 + -19 - (162 - 57)?
-32
What is (19 + -23 - -15 - 5) + 5?
11
What is the value of -28 + (263 - 249 - (0 - -20) - 18)?
-52
Evaluate 5 + (10 - 1) + (-179 - -147) + 105.
87
8 + -141 - -132 - (-4 - 3)
6
What is -6 + -7 + ((-39 - 0) + (50 - 64) - -8)?
-58
What is -1263 - -1289 - (0 + 47)?
-21
Calculate (4 + 10 - 9 - (-6 + 22)) + -25.
-36
Evaluate -1 + 5 + (-7 - -17) - 10.
4
Evaluate 2 - (-8 + -14 - -19 - (1 + 2)).
8
What is the value of 88 + -1 + (-31 - 30 - -58) + -4 + 6?
86
Calculate (-13 - (2 + -1) - (2483 - 2489)) + 0 + 51.
43
Evaluate 20 + (362 + -371 - ((-1 - -2 - 0) + -10)).
20
Calculate 57 - (42 + -33 + 50).
-2
Calculate -8 - (-39 - (27 + -70) - (-2 - -56)).
42
What is 9 - (-19 + -1) - (-3 - 19)?
51
What is (0 - -23) + (103 - (100 + -16))?
42
Evaluate -10 + (-5 - (-3 + 1 - (62 - 75))).
-26
Evaluate (72 - 1) + (10 - 3) + (-7 - (-4 - 6)).
81
-50 + (-11 - ((-19 - -9) + -1) - 2)
-52
Evaluate -35 - (-83 + -10 + 26 + -5).
37
-18 - (-3 + 3 + 13 + (-8 - 0))
-23
14 + -55 + 6 - -20
-15
Evaluate 0 + 4 + (-36 - (7 - 54)).
15
What is the value of -35 + 65 + 4 + 25?
59
(-4 - (7 + -3 - 2)) + 12 + -11 + 5
0
1 + (-55 - (85 - 122))
-17
What is the value of (-9 - -1) + (-58 - -73) + (-54 - -2)?
-45
What is 11 - (-25 - -5 - -12) - 127?
-108
What is the value of (0 + (1 - -5) - (18 - (-42 - -55))) + 70?
71
Evaluate (-2 - (-5 - -4)) + (-9 - 1) - (-29 - 1).
19
Evaluate (6 - 0) + -2897 + 2926.
35
Calculate -47 - (-52 + 18 - 24).
11
Evaluate -4 + -39 + (-39 - -51).
-31
(-29 - (-15 + -38)) + -34 + 83 + -2
71
What is the value of 11 + -20 + (66 - 49)?
8
What is the value of -14 + (-36 - (-21 + -15 + 30))?
-44
What is the value of 169 - (-108 - (123 - 270))?
130
Evaluate 43 - (81 - (-2 - -51)).
11
Evaluate (8 - (26 + (-20 - 20))) + -6.
16
What is the value of 9 + -20 - -5 - 39 - (-2 - -2 - 12)?
-33
What is the value of 6 + -5 + (-10 - -1) + (17 - (9 - -16))?
-16
What is 6 - 3 - -54 - (-19 - (8 + 3 + -38))?
49
Evaluate (8 - 11) + -112 - (-156 + 144).
-103
4 + -6 + -100 - (-10 - (5 + -10) - 0)
-97
(11 + 3 - 3) + (15 - (-55 + 74)) + -5
2
What is (-467 - -519) + (-24 - -2)?
30
What is the value of 241 + (-105 - 11) - 144?
-19
What is (-3 + -2 - (-22 + -32)) + 8?
57
Calculate -168 + 182 + -34 + 15.
-5
Evaluate -2 + (-2 + 3 - 34) - (-2 + (-163 - -155)).
-25
Calculate -15 - (-2 + -33 - (495 + -408)).
107
What is -30 + 40 + -10 - (4 - (0 + -2 + -3))?
-9
Evaluate -65 - (-24 - -41 - 5 - 34).
-43
What is the value of 67 + -30 + -84 + 32?
-15
What is the value of (-57 - 2) + 37 + 61?
39
5 + 29 + -97 - -9
-54
-45 + 61 + (6 - -16)
38
What is 15 + (-2 - 0 - (-20 - (-7 + -10))) + -7?
9
-3 + (16 - -3) + -22 - -17
11
11 + -37 + 50 + (-2 - 49)
-27
Evaluate -6 + 8 + 15 + -38 + 11 + -7.
-17
54 - (-10 + 2 + -3 + 19)
46
What is 14 - -84 - (848 - 710)?
-40
(3 - 1) + (-15 - -22) + (-29 - (-2 - -6))
-24
What is (20 - 26) + 6 - (6 + -1 - 7)?
2
What is (13 - (25 - 33)) + -20 + -3 + 7 + -3?
2
What is the value of (19 - ((-4 - -14) + -11)) + -9?
11
Calculate -534 + 482 + 2 + 35.
-15
Evaluate 1 + 0 + 17 - (12 + (4 - 6)).
8
What is the value of -10 + 6 + (-46 + 4 - -7) + -5 + 5?
-39
Calculate (2 - 8) + (-25 - -5 - -24 - -34).
32
Evaluate -2 + (26 - 32 - 41).
-49
What is ((15 + -28 - -19 - -5) + -26 - -2) + -11?
-24
Evaluate 45 + -6 + (-4 - -2 - (-13 - -3)) + 1.
48
(39 + -82 - 11) + 126
72
Evaluate (15 - 3) + (7 - (-5 - -5 - -9)) + 64.
74
73 + (12 - -15) + -45 + 2
57
Evaluate -33 + 10 + 34 + 2.
13
(54 - (-89 - -159)) + 1 + -68
-83
What is the value of (-27 - -6) + 6 + -136 + 163?
12
What is 1 + 5 + (-213 - -238)?
31
Evaluate (2 - -14) + 51 + -11 + -19.
37
Calculate -4 - (20 + -45 + 106 + -8).
-77
14 + -46 + 99 + -14 - 11
42
What is the value of (-1 - (-10 - 0)) + -35 + 57 + -79?
-48
What is (-12 - (61 - 13 - 28)) + -43?
-75
Calculate -1 + -3 + 3 + 5 - (146 + -115).
-27
Calculate (20 - 12) + (-18 - (2 - (-5 - -7))).
-10
96 + (-46 - (21 - 68)) - (-1 - -5)
93
Calculate -4 + 7 - (3 + -7) - (-9 - -51).
-35
What is -50 - (-11 - 11) - (-1 - -30)?
-57
Evaluate -82 + (83 - 65) + 97.
33
What is -2 - -38 - (-22 - (7 - 50))?
15
Calculate 1 + -1 + 4 + (-761 - -749) + (1 - -11).
4
-48 - 0 - (-58 - (-4 + 14) - -48)
-28
Calculate 228 - (-356 + 546) - (11 - -1).
26
What is 61 - (50 - (13 - -16))?
40
What is 13 - (14 - (60 - 59))?
0
What is 17 + -56 - (-60 - -34) - -4?
-9
What is 2 - (26 - 5) - (-22 + -67 + -5)?
75
What is (-11 - ((1 - (-45 + 35)) + -18 + -1)) + -17?
-20
(57 - (-31 + 55)) + 53 + -4
82
Calculate 17 + 2 - (1215 - 1178).
-18
What is the value of 2 - -69 - (-1702 - -1745)?
28
What is (-44 + (5 - -10) + -6 - 0) + -8?
-43
What is the value of 16 + (15 + (22 - 17) - 87)?
-51
Evaluate 2 + 89 + 1 - (-30957 - -30961).
88
Evaluate (123 - (5 - -8 - 3) - 27) + (-1 - 1).
84
What is -31 + (-32 + (-2 - -23) - -32)?
-10
Calculate -6 - (-2 + 13 + 7 + -83) - -10.
69
Evaluate (5 + 125 - 12) + (24 - (-6 + 14)).
134
Calculate 116 + 1 + 38 + (-553 - -491).
93
What is -22 + 45 + 33 - 103?
-47
(44 - -17) + (-33 - 36)
-8
Calculate (-338 - -325 - (-24 + -2 + 3)) + 9.
19
13 + 4 + (14 - (-20 - -30))
21
(-20 - -125 - 166) + 107
46
Evaluate (18 - (10 + 13 + -24 - -18)) + 10.
11
Calculate -3 + 33 + -13 + (117 - 137).
-3
Calculate 88 + (90 - 182) + 1 + 20.
17
What is the value of -5986 - -5957 - (3 + (-40 - 1))?
9
Evaluate (8 + 40 - -5) + (1 - -4) - -20.
78
14 + ((-9 - 4) + -2 - -18)
17
Evaluate ((-15 - -21) + 9 - 0) + -28.
-13
What is 13 - 1 - (-1 + -10 + -7 + 26) - 40?
-36
Calculate (11 + 13 - 5) + -6 + 30.
43
Calculate (-4 - -4 - 36) + (-19 - (16 + -17)) + 24.
-30
17 - 1 - (1 - (-28 - -41) - -17) - -7
18
What is -76 + (16 - -139) + -129?
-50
Evaluate -8 + (-20 - (-100 - 30)) + (15 - 8).
109
(-47 - -10) + -3 + (-20 - -3 - -5)
-52
Evaluate (-79 - (-426 - -336)) + (-70 - (-2 - (-1 + -1))).
-59
5 - (27 - -5) - (1299 + -1240)
-86
14 - -11 - (194 + -130)
-39
Evaluate (-7 - -9 - 25) + (80 - 31) - 9.
17
What is the value of (50 - (-14 + 23)) + (-60 - -41)?
22
What is -69 + 3 + (39 + -20 - (-5 - -13))?
-55
What is 1505 + -1504 - (-4 + 2)?
3
Calculate 1318 - 1364 - (1 - 53).
6
Evaluate 18 + 54 + -75 - (-1 + -17) - (-3 + 0).
18
What is 9 + 34 + -103 + (20 - -